Suppose 13*l = -d*l + 325. Calculate the remainder when 72 is divided by l.
22
Let h(y) = -y**2 + 31*y - 64. Let b(r) be the first derivative of -r**2/2 + 6*r + 14. Calculate the remainder when h(28) is divided by b(-5).
9
What is the remainder when 1257 is divided by 3*1*(3848/(-24))/(-13)?
36
Let v = 539 - 461. What is the remainder when ((-185)/10)/((-3)/v) is divided by 22?
19
Let c(p) = -25*p**3 - 3*p**2 - 115*p - 214. Let n(l) = 52*l**2 + l - 1. What is the remainder when c(-2) is divided by n(1)?
48
Suppose -5*s + i + 42 = 0, 0*i + 3*i + 6 = 0. Suppose -s = p - 38. Let n(l) = 10*l**2 + 70*l + 17. Calculate the remainder when p is divided by n(-7).
13
Let x = 811 + -163. What is the remainder when ((-314)/(-8))/(81/x) is divided by 53?
49
Suppose -780*v + 1122 = -777*v. Let h = v - 349. Suppose 4*n - 600 = -n. Calculate the remainder when n is divided by h.
20
Suppose -6501 = -35*g + 28219. What is the remainder when g is divided by 200?
192
Let m(c) = c**2 + 32*c - 307. Calculate the remainder when 882 is divided by m(12).
219
Suppose -o + 172 = 3*o. Let a = 98 - o. Suppose -13*q + 8*q + 115 = 0. Calculate the remainder when a is divided by q.
9
Suppose 4*x = 16, -2*x - 2*x + 24 = 4*i. Suppose -5*w - 4*t = -306, -i*w - 5*t + 243 = 2*w. Calculate the remainder when w is divided by 7.
6
Let s = 130 + -128. Suppose -3*x + 499 = -s*j, 4*x = 10*j - 5*j + 670. What is the remainder when x is divided by 42?
39
Let s(w) = w**3 - w. Let v(g) = 4*g**3 - 11*g**2 - 8*g + 12. Let h(p) = 6*s(p) - v(p). Calculate the remainder when 81 is divided by h(-4).
25
Let n(u) = u**2 + 89*u - 1911. Calculate the remainder when 2672 is divided by n(-108).
134
Let m be (-1)/(-3) + (-456)/(-36). Suppose -m*o - 374 = -30*o. What is the remainder when 54 is divided by o?
10
Let d(q) = -q**3 - 41*q**2 - 148*q + 25. What is the remainder when 373 is divided by d(-37)?
23
Suppose -2154 + 567 = -69*f. Calculate the remainder when 17547 is divided by f.
21
Calculate the remainder when 8130 is divided by 15/65*83 - (22/(-26) + 1).
17
Let d be 1/2*660/6. Suppose -17 = 3*o + 5*c, -3*c + d = -5*o + 2*c. What is the remainder when 11 is divided by (2/(-4))/((-4)/(-24)) - o?
5
Let b(u) = -u**2 + 8*u + 2. Let o(i) = -4*i + 17. Let q(z) = z**2 + 21*z + 107. Let l be q(-13). What is the remainder when b(6) is divided by o(l)?
4
Suppose 0 = -2*s - 5*d - 28 - 324, 5*d = 2*s + 312. Let k = -55 - s. What is the remainder when k is divided by 28?
27
Suppose -5 = -2*r + 11. Let w(x) be the first derivative of x**4/4 + 4*x**3/3 - x**2 - 3*x - 15. What is the remainder when w(3) is divided by r?
6
Let n(q) = -6*q - 11. Let m be n(-2). Let y(j) = j**2 - 10*j**2 + m + 20*j**2 - 3 + j. What is the remainder when 38 is divided by y(1)?
8
Calculate the remainder when 1337 is divided by (-6)/14 - (25 - (-7771)/(-133)).
17
Let x(q) = q - 19. Let c be x(23). Suppose -c*u + 56 = 2*r, 2*u + u + 28 = r. What is the remainder when 137 is divided by r?
25
Let t(g) = 6*g**2 - 4*g - 2. Let l be t(-5). Suppose -4*r - l = 76. Let c = r + 159. Calculate the remainder when c is divided by 50.
48
Suppose h - 489 = -5*v - 302, 0 = 5*v + 3*h - 191. Let p(x) = 164*x - 2. Let q be p(-1). Let n = 310 + q. What is the remainder when n is divided by v?
33
Let j = 1434 + 1688. Calculate the remainder when j is divided by 71.
69
Suppose s - 80 = o, 0 = o - 2*s + 97 - 14. Let j = -13 - o. What is the remainder when j is divided by 35?
29
Let b = -17698 + 17727. Calculate the remainder when b is divided by 8.
5
Let a = -9147 + 12828. Calculate the remainder when a is divided by 14.
13
Let i(x) = x**2 - 10*x + 62. Let y = 168 + -157. Calculate the remainder when i(0) is divided by y.
7
Let t be (-2769)/(-5) + -7*28/245. Let k = t - 439. Calculate the remainder when k is divided by 42.
30
Let k(n) = -4*n**3 - 88*n**2 - 7*n + 9. Let u be k(-22). Suppose -7*g = -40 - u. Calculate the remainder when 926 is divided by g.
27
Suppose 0 = 10*n - 3072 - 678. Let u = n + -108. Calculate the remainder when u is divided by 16.
11
Let o(i) = 221*i**2. Let f be o(-1). Suppose -r = -p + f, -3*r + 8*r = -2*p + 407. What is the remainder when p is divided by 31?
30
Let y(x) = -x**2 - 6*x + 2. Let l be y(-6). Let w(h) = 16*h**2 - 2*h + 3. Calculate the remainder when w(l) is divided by ((-2)/(-5))/((-14)/(-560)).
15
Calculate the remainder when 171 is divided by ((-28)/(-21))/(20/2250).
21
Suppose q + 28*l - 32*l - 60 = 0, -240 = -4*q - 3*l. Calculate the remainder when q is divided by 49.
11
Let k = 8138 - 7907. Calculate the remainder when k is divided by 93.
45
Suppose 0 = 111*q - 108*q + 3*n - 252, -2*q = -n - 147. What is the remainder when 9162 is divided by q?
76
Suppose -5*d + 180 = -0*d. Suppose 6*i + 12 - d = 0. What is the remainder when 28 is divided by 3 + 12 + (-1)/((-2)/i)?
11
Suppose -5*l + 25*f = -1100, 0 = -l + 3*f + 255 - 37. What is the remainder when 1484 is divided by l?
194
Suppose 11213*f = 11228*f - 525. Calculate the remainder when 1785 is divided by f.
0
Suppose -r - 25 + 23 = 0, 4*r + 137 = w. Calculate the remainder when 2707 is divided by w.
127
Let z = -191 + 193. Suppose 40 = z*b - 4*j, -27*j + 5 = -b - 30*j. Calculate the remainder when 13 is divided by b.
3
Suppose -39*u = -38*u + 2*m - 309, -4*u + 1227 = -m. Calculate the remainder when u is divided by 48.
19
What is the remainder when 365 is divided by 27/((-270)/(-614)) - 6/(-10)?
55
Suppose 0 = -k - 0*k + 3. Suppose -12 = -26*a + 23*a. Suppose a = k*c - 11. What is the remainder when 13 is divided by c?
3
Let u = 553 - 318. Suppose -g = 4*r - 205, u = 4*r - 3*g + 50. What is the remainder when r is divided by -1*((2 - 4) + -11)?
11
Let n be (-2)/(-3) + 7224/72. Let a = n - 36. What is the remainder when a is divided by 6?
5
Suppose 4*o = -2*c - 130, -215 = 4*c - 0*c - o. Let i be 1/(4/(-24))*12*(-4)/(-18). Let n = i - c. Calculate the remainder when n is divided by 14.
11
Suppose 5152 = -13*h + 20*h. What is the remainder when h is divided by 11?
10
Suppose 6*w - 772 = 2*w. Let x = w + -12. Calculate the remainder when x is divided by 8.
5
Let x be 2285/85 - (-10)/85. Suppose 0 = -35*w + x*w + 96. Calculate the remainder when 395 is divided by w.
11
Suppose 2595 = 24*q - 19*q. Calculate the remainder when q is divided by 169.
12
Suppose -2*o = 4*o - 0*o. Suppose o = 59*w - 63*w + 56. What is the remainder when 80 is divided by w?
10
Let w be -5 - (2 + -1 + (-23 - -21)). Calculate the remainder when (-4 + 1 - -3) + w - -345 is divided by 6.
5
Let m be (-3 - -8)*(-7051)/(-55). Suppose m = 6*l - 67. Calculate the remainder when l is divided by 50.
18
Suppose 1543*o + 126 = 780*o + 777*o. What is the remainder when 3423 is divided by o?
3
Suppose -5 = 2*b - 3*b. Suppose 0 = -0*p - 5*p, -3*i + b*p = -78. Suppose 3*w = -l + 163, -l + 231 - 74 = w. What is the remainder when l is divided by i?
24
Suppose 0 = -4*b + 4*d - 24, b + 2*b = -5*d - 18. Let v(h) = 2*h**2 + 20*h + 81. Calculate the remainder when v(b) is divided by (-1)/(((-1)/(-1))/(-5)).
3
Let k(z) = 7*z**2 - 24*z - 29. What is the remainder when 5592 is divided by k(-2)?
46
Suppose 502 = 5*s + 72. Let y = s - 49. What is the remainder when y is divided by (-1204)/(-129) - 4/(-6)?
7
Let h be 71 + (2 - 8 - -7). Suppose -3*i = -5*i + 3*p + 36, 5*p = 4*i - h. What is the remainder when 85 is divided by i?
13
Let o(z) = 2*z**2 - z - 4. Let b be (6 - 1)/(-9 - -8). Let y be o(b). Let n = y + -38. Calculate the remainder when 64 is divided by n.
12
Let c = 98 - 95. Suppose 18 - 45 = -c*q. Calculate the remainder when 18 is divided by q.
0
Let q = -40 - -41. Let s(k) = k - 8 - q - k + 3*k. Calculate the remainder when s(6) is divided by 3.
0
Let j = 214 + -159. Suppose 0 = -j*f + 57*f - 96. Suppose k - 3*k + 40 = 0. Calculate the remainder when f is divided by k.
8
Suppose 0 = -27*k + 29*k - 6, r - 246 = -2*k. Suppose r*p = 229*p + 1661. What is the remainder when p is divided by 40?
31
Suppose 4*b + z = 1271, -13*b - 949 = -16*b - 5*z. Calculate the remainder when 1304 is divided by b.
32
Let l = 60 + 39. Let g(r) = 2*r**3 - 6*r**2 - 6*r + 7. Let y be g(6). Suppose y = 12*d - d. What is the remainder when l is divided by d?
14
Let q be (16/2 - 5) + 28 + -6. Suppose 1844 = q*v - 1756. What is the re